 divisor of z and 38?
2
Suppose 4*k = -m + 140, 2*m + k - 310 = 3*k. What is the greatest common divisor of m and 8?
8
Let v be ((-10)/(-15))/(1/39). Let d = -19 + v. What is the highest common divisor of 21 and d?
7
Suppose 492 = 16*c - 100. What is the greatest common factor of c and 1813?
37
Let y be (-774)/4*4/(-6). Suppose -231 = -3*a + y. Suppose -35 = -5*v + 40. Calculate the greatest common factor of v and a.
15
Let j be (-2)/(-3)*(-4 - 4 - -5). Let y be (72/j)/(-2 - (-6)/4). Suppose 45 = 2*w + 3*w. Calculate the greatest common factor of w and y.
9
Suppose 45*k - 100*k = -8855. What is the greatest common divisor of 63 and k?
7
Let u = 28 + -21. Suppose 4*x - 5*g - 85 = 0, 2*x = 3*g - u + 48. Calculate the highest common factor of x and 25.
25
Let f(p) = -347*p - 29. Let a be f(-2). Calculate the highest common factor of 105 and a.
35
Let b = 15 + -13. Let u be b/10 + (-210)/(-75). Let g be 0 - -2 - (-6)/u. What is the greatest common factor of 6 and g?
2
Suppose 0 = 2*c - 18. Suppose 2*l = 3*l - 8. Suppose -5*s = l - 38. What is the highest common factor of s and c?
3
Suppose -2*m + 140 = 3*m. Suppose -o = 2*o - 2388. Suppose -984 = -5*a + c, 0 = -4*a - 0*c + 3*c + o. Calculate the highest common factor of a and m.
28
Suppose 25*n - 992 = 408. Let k = 16 - 9. What is the greatest common factor of n and k?
7
Let l be 2/9 - (-40)/(-18). Let i = 34 + l. Let s be -2*-3*(-16)/(-12). Calculate the highest common factor of i and s.
8
Let z be 1365/14*(-16)/(-20). Calculate the highest common divisor of 195 and z.
39
Let i(m) = -135*m + 17. Let q be i(-1). Calculate the greatest common factor of q and 56.
8
Let f be 0/4 + 10 + -1. Let g(v) = v**3 - 8*v**2 - v + 9. Let u be g(f). Suppose -4*n - 17 = -u. Calculate the greatest common factor of 176 and n.
16
Let i = 81 - 78. Suppose 2*q + 1 = 5*x, 7*q - i*q = -2*x + 10. What is the highest common divisor of 2 and x?
1
Let h = -233 - -497. What is the greatest common factor of h and 88?
88
Let j(g) = -26*g + 47. Let b be j(-1). What is the highest common divisor of b and 2263?
73
Let n(t) = -13*t - 46. Let j be n(-7). Suppose -5*u + u = -36. Calculate the greatest common divisor of j and u.
9
Let v be (-8)/(-10) + 2574/270 + (-1)/3. Suppose -2*o = -b - 15, 3*o = 6*b - 3*b + 15. Calculate the greatest common divisor of o and v.
10
Let m be (-1638)/10 + 8/(-40). Let b be (-4)/(-14) - m/14. Let g be (-45*4/6)/((-2)/8). What is the highest common factor of g and b?
12
Suppose 0 = -x + 4*t + 60, 9*x - 281 = 4*x + t. Suppose 0 = 19*d - 18*d - 6. Let a = d + 2. Calculate the highest common divisor of a and x.
8
Let k be -1*((-3213)/9)/3. What is the greatest common factor of 68 and k?
17
Let p = -51 + 125. Let i(y) = y**3 + 4 - 2*y**3 - y - y. Let r be i(-3). What is the highest common divisor of p and r?
37
Suppose 0 = -3*p - 4*v + 46, 3*p - 37 = -2*v + 7*v. Calculate the highest common divisor of p and 42.
14
Suppose -4*x = -3*b - 132, -5*b = -2*x + 104 - 24. What is the greatest common factor of x and 270?
30
Let v be (9 - 16) + 1/1. Let l(f) = -5*f + 9. Let r be l(v). What is the greatest common divisor of r and 39?
39
Suppose 0 = -m - 2*o - 2, 4*o - 23 = 5*m - 69. Let a(y) = -y + 36. Let h be a(21). What is the highest common divisor of m and h?
3
Suppose -3*m + 41 = -130. Let p = m - 43. Calculate the greatest common factor of p and 56.
14
Suppose 3*n + u - 194 = 0, -12*u - 259 = -4*n - 13*u. Calculate the highest common divisor of 5 and n.
5
Let k(b) = 29*b**3 - 4*b + 3. Let o be k(1). Let y = -2 - -6. Calculate the greatest common factor of y and o.
4
Let a be (-8)/((-40)/21)*5. Suppose 4*j = -250 + 838. Calculate the greatest common divisor of j and a.
21
Let p be ((-14)/(-8))/((-13)/364). Let m = 69 + p. Calculate the greatest common divisor of 60 and m.
20
Let k(p) = -p**2 + 19*p - 32. Let y be k(17). Let z(s) = 5*s**2 + 2*s + 2. Let g be z(y). Calculate the greatest common divisor of 26 and g.
26
Suppose -4*t - 44 = -0*t. Let v(n) = -n + 4. Let g be v(t). What is the highest common divisor of g and 75?
15
Suppose -u = n - 42, 4*n = 19*u - 14*u + 204. What is the highest common divisor of 1150 and n?
46
Let s(y) = 10*y**2 + 2*y + 2. Let i be s(-2). Suppose 8 = -4*x, -285 = 3*g - 5*x - 1093. Calculate the greatest common divisor of g and i.
38
Suppose 3*j + 27 = 2*s, 3*s + 3*j - 46 = 2*j. Calculate the greatest common divisor of s and 240.
15
Let m(w) = 10*w - 43. Let h be m(9). What is the highest common factor of h and 376?
47
Let x(w) = -20*w**2 + 202*w + 11. Let c be x(9). What is the highest common factor of c and 198?
11
Let g be 4/(-26) - (-28)/13. Calculate the highest common factor of 62 and g.
2
Let x(t) = t**2 + 15*t - 172. Let f be x(-24). What is the greatest common divisor of f and 12?
4
Let r be 3002/16 + 102/272. Calculate the highest common factor of r and 4.
4
Let s be 12 + -8 - (0 + 1). Suppose 317 = s*f - 61. What is the greatest common factor of f and 14?
14
Suppose -7*a = -4*a + 39. Let w be (-39)/a + 81/1. What is the highest common factor of 12 and w?
12
Let j(g) = -2*g + 14. Let b be j(7). Suppose -4*v + b = -4. Let z = -6 - -15. What is the highest common divisor of v and z?
1
Let r be (-8)/(-1) + (15 - 18). Suppose -j + 51 = 5*h - 2*h, -j = -r*h + 85. What is the highest common divisor of 51 and h?
17
Suppose -3*k + 32 + 16 = 0. Let x be (4/k)/(2/16). Suppose 0 = -5*g + x*g + 627. Calculate the highest common factor of g and 19.
19
Let g = 2046 - 1054. Calculate the greatest common factor of g and 31.
31
Let c = -4 - -9. Let o(s) = s**3 - 2*s**2 + s + 7. Let n be o(c). Let t be (-6)/27 + n/27. Calculate the greatest common divisor of 15 and t.
3
Suppose 3*f - 23 + 2 = 0. Let b be 14*f + 0 + 1. Let s = -374 - -385. What is the greatest common factor of b and s?
11
Suppose 0 = -2*x - 5*d + 12, 6*x - x - 15 = -5*d. Let o(v) = 4*v**2 - 2*v + 1. Let r be o(x). What is the greatest common divisor of r and 24?
3
Let h be (-8910)/63*(-14)/3. Suppose 11*x - h = -4*x. Calculate the highest common factor of x and 33.
11
Let p = -16 - -26. Let k be (64/p)/((-3)/(-15)). Suppose -17*h + 10*h + 560 = 0. Calculate the highest common factor of k and h.
16
Let f = -71 - -66. Let n = 11 + f. What is the highest common factor of 66 and n?
6
Let i = 25 + -27. Let o be (-2 + i)*(-6 - -4). What is the highest common factor of 2 and o?
2
Suppose -4*v = -5*v + 66. Suppose 3*m = -l + 7*m + 18, l - 5*m = 21. Let k = v + l. What is the greatest common divisor of 18 and k?
18
Suppose m - 72 = -3*m. Let v = 1 - m. Let f = 32 + v. What is the greatest common divisor of f and 120?
15
Let t(h) = 2*h**2 - 3*h - 2. Let y be t(-2). Let s be 12/2 - 1404/(-18). Calculate the greatest common factor of s and y.
12
Let n be (-692)/(-20) - 3 - (-3)/(-5). Let u = n + -3. Calculate the greatest common factor of u and 308.
28
Suppose 0 = -75*r + 49*r + 8788. Calculate the greatest common divisor of 104 and r.
26
Suppose 7*g - 2*g = -40. Let t = g + 2. Let b be 4/t + (-388)/(-6). Calculate the highest common factor of 8 and b.
8
Let b be (-1 - 114)/(1/(-2)). Let q = 5255 + -5209. Calculate the highest common divisor of b and q.
46
Let o(j) = 86*j - 5*j**3 - 87*j + 9*j**3 + 9*j**3. Let s be o(1). Calculate the highest common factor of 48 and s.
12
Suppose 25 + 53 = 2*f. Let d = 45 - f. What is the highest common factor of 2 and d?
2
Let i = -84 - -271. Calculate the highest common factor of i and 34.
17
Let y = 21 - 15. Suppose -36 = -4*b - 44. Let j(h) = -8*h - 4. Let x be j(b). What is the highest common factor of y and x?
6
Suppose -20 = 117*k - 121*k, -4*j - 3*k = -71. Let o = -6 + 90. What is the highest common divisor of j and o?
14
Suppose 39*k - 43*k = -4*q + 2580, 0 = -2*k - 10. Calculate the highest common divisor of q and 10.
10
Let p be ((-2)/(8/18))/(168/(-4032)). What is the greatest common divisor of 45 and p?
9
Let u(h) = -h - 1. Let x be (42/15)/(3/30). Suppose 4*d = b + x, 3*b = d + 2*d - 39. Let z be u(b). What is the highest common divisor of z and 1?
1
Let w be ((-432)/45)/((3/(-10))/1). What is the greatest common factor of w and 880?
16
Let s = 30 + -26. Let o(z) = 3 + 6*z - 3*z - 1. Let f be o(s). Calculate the highest common factor of 154 and f.
14
Suppose 3*m + i + 20 = 0, i = 5*m 